e factors of 249528529.
249528529
What are the prime factors of 2090875639?
101, 20701739
List the prime factors of 850336.
2, 26573
What are the prime factors of 20773432?
2, 2596679
List the prime factors of 56750512.
2, 7, 13, 38977
What are the prime factors of 10442458?
2, 13, 193, 2081
What are the prime factors of 37988251?
7, 17, 73, 4373
What are the prime factors of 32348806?
2, 7, 67, 34487
What are the prime factors of 7610444070?
2, 3, 5, 317, 349, 2293
List the prime factors of 292102927.
9377, 31151
List the prime factors of 1822575560.
2, 5, 13, 31, 113063
List the prime factors of 258097680.
2, 3, 5, 29, 47, 263
What are the prime factors of 155550258?
2, 3, 29, 297989
List the prime factors of 53639678.
2, 157, 170827
List the prime factors of 148585859.
148585859
What are the prime factors of 64636606?
2, 89, 173, 2099
What are the prime factors of 135156678?
2, 3, 47, 53, 9043
List the prime factors of 2087081889.
3, 29, 149, 233, 691
List the prime factors of 67109154.
2, 3, 7, 43, 37159
List the prime factors of 164096812.
2, 11, 23, 14741
List the prime factors of 47718383.
41, 947, 1229
What are the prime factors of 347210096?
2, 21700631
List the prime factors of 73392366.
2, 3, 17, 719533
What are the prime factors of 222029144?
2, 487, 56989
What are the prime factors of 225451810?
2, 5, 457, 49333
List the prime factors of 981245001.
3, 11, 29734697
What are the prime factors of 90432164?
2, 22608041
What are the prime factors of 4821065?
5, 964213
What are the prime factors of 3120925885?
5, 7, 11, 643, 1801
List the prime factors of 75530806.
2, 13, 2905031
What are the prime factors of 40937725?
5, 37, 44257
List the prime factors of 69101736.
2, 3, 11, 17, 89, 173
What are the prime factors of 16141764?
2, 3, 281, 4787
What are the prime factors of 1286385431?
1286385431
What are the prime factors of 2623323?
3, 151, 5791
List the prime factors of 178653775.
5, 29, 31, 7949
List the prime factors of 1296556189.
1296556189
What are the prime factors of 31110640?
2, 5, 11, 35353
List the prime factors of 184536047.
7027, 26261
List the prime factors of 1569914037.
3, 174434893
What are the prime factors of 1958493969?
3, 12379, 17579
List the prime factors of 3728228445.
3, 5, 83, 332729
List the prime factors of 2142135774.
2, 3, 23, 31, 41, 59
What are the prime factors of 1785761865?
3, 5, 1483, 26759
List the prime factors of 44904314.
2, 7, 13, 18979
What are the prime factors of 6374601089?
97, 65717537
What are the prime factors of 100002949?
107, 934607
List the prime factors of 4934441890.
2, 5, 7, 61, 1155607
What are the prime factors of 367286303?
367286303
List the prime factors of 89117703.
3, 181, 227, 241
What are the prime factors of 128366290?
2, 5, 13, 987433
What are the prime factors of 853524565?
5, 191, 893743
List the prime factors of 27544820.
2, 5, 47, 29303
What are the prime factors of 95106570?
2, 3, 5, 13, 243863
List the prime factors of 30971580.
2, 3, 5, 516193
What are the prime factors of 18975704?
2, 11, 19603
What are the prime factors of 2351437849?
1453, 1618333
What are the prime factors of 4340475931?
11, 394588721
What are the prime factors of 412063673?
7, 5147, 11437
List the prime factors of 59609486.
2, 107, 278549
List the prime factors of 1002752073.
3, 111416897
What are the prime factors of 10439971?
29, 599, 601
What are the prime factors of 268279757?
479, 560083
What are the prime factors of 1678133186?
2, 839066593
List the prime factors of 4852689.
3, 1617563
List the prime factors of 38053185.
3, 5, 907, 2797
What are the prime factors of 83415511?
83415511
List the prime factors of 390699239.
7, 59, 946003
What are the prime factors of 12550735?
5, 19, 132113
What are the prime factors of 2459516261?
173, 14216857
List the prime factors of 235336452.
2, 3, 13, 139, 10853
What are the prime factors of 117306341?
17, 2137, 3229
What are the prime factors of 4341107560?
2, 5, 71, 21529
What are the prime factors of 1563723690?
2, 3, 5, 52124123
List the prime factors of 35326936.
2, 1303, 3389
What are the prime factors of 65884677?
3, 2551, 8609
What are the prime factors of 592706404?
2, 37, 4004773
List the prime factors of 25398943.
25398943
What are the prime factors of 864805078?
2, 31, 43, 227, 1429
List the prime factors of 13015465.
5, 2603093
What are the prime factors of 1464242285?
5, 11, 26622587
List the prime factors of 4753653681.
3, 7, 19, 1187, 10037
What are the prime factors of 16111748?
2, 137, 29401
List the prime factors of 378986641.
11, 3132121
List the prime factors of 31404801.
3, 10468267
List the prime factors of 3009652100.
2, 5, 7, 13, 330731
What are the prime factors of 135988019?
4051, 33569
What are the prime factors of 2181547148?
2, 11, 23, 61, 35339
What are the prime factors of 170334927?
3, 7, 128749
List the prime factors of 367569075.
3, 5, 107, 163, 281
List the prime factors of 328415868.
2, 3, 11, 397, 2089
List the prime factors of 14784694.
2, 113, 65419
List the prime factors of 283672058.
2, 1297, 109357
List the prime factors of 216294965.
5, 97, 445969
What are the prime factors of 5824557?
3, 17, 38069
List the prime factors of 148953161.
7, 43, 53, 9337
What are the prime factors of 135906882?
2, 3, 41, 349, 1583
What are the prime factors of 2397127769?
37, 64787237
What are the prime factors of 33526178?
2, 7, 79, 30313
List the prime factors of 2043387717.
3, 7, 97304177
What are the prime factors of 1839614135?
5, 439, 838093
What are the prime factors of 951808020?
2, 3, 5, 353, 44939
What are the prime factors of 55551984?
2, 3, 1157333
What are the prime factors of 1516471276?
2, 613, 618463
List the prime factors of 84429191.
7, 11, 17, 64499
List the prime factors of 28351019.
17, 23, 31, 2339
List the prime factors of 302772614.
2, 151386307
What are the prime factors of 56831527?
17, 19, 175949
List the prime factors of 40745869.
277, 147097
What are the prime factors of 228043682?
2, 114021841
What are the prime factors of 24647499?
3, 229, 11959
List the prime factors of 2268290128.
2, 13, 10905241
What are the prime factors of 1604038033?
13, 123387541
List the prime factors of 1921748.
2, 17, 59, 479
What are the prime factors of 530623094?
2, 31, 101, 84737
List the prime factors of 3490406313.
3, 131, 2383, 3727
List the prime factors of 1177156852.
2, 4283, 68711
List the prime factors of 391932340.
2, 5, 137, 313, 457
List the prime factors of 243493705.
5, 7, 13, 535151
List the prime factors of 173283045.
3, 5, 13, 888631
List the prime factors of 5588996409.
3, 37, 5594591
What are the prime factors of 238726044?
2, 3, 6631279
What are the prime factors of 182589273?
3, 157, 129221
List the prime factors of 516521565.
3, 5, 7, 1639751
List the prime factors of 355728831.
3, 118576277
List the prime factors of 90163965.
3, 5, 31, 71, 2731
What are the prime factors of 37372096?
2, 139, 4201
What are the prime factors of 88178850?
2, 3, 5, 29, 233
What are the prime factors of 3090921993?
3, 29, 379, 31247
List the prime factors of 508191177.
3, 13, 13030543
What are the prime factors of 99376436?
2, 491, 50599
List the prime factors of 2531909952.
2, 3, 11, 13, 59, 521
List the prime factors of 46687846.
2, 97, 240659
List the prime factors of 427191190.
2, 5, 23, 1857353
List the prime factors of 42582043.
7, 1811, 3359
What are the prime factors of 117837845?
5, 43, 548083
List the prime factors of 108725085.
3, 5, 7, 38351
List the prime factors of 33077146.
2, 233, 70981
What are the prime factors of 1373574291?
3, 89, 109, 433
What are the prime factors of 2098409603?
17, 123435859
List the prime factors of 33174591.
3, 11058197
What are the prime factors of 988311331?
7, 20169619
List the prime factors of 224432160.
2, 3, 5, 23, 29, 701
What are the prime factors of 3199611875?
5, 19, 269441
What are the prime factors of 42828159?
3, 11, 59, 21997
What are the prime factors of 1109340719?
461, 2406379
List the prime factors of 598238893.
7, 12208957
List the prime factors of 1635360974.
2, 13, 62898499
List the prime factors of 5405868562.
2, 19, 73, 1948763
What are the prime factors of 1925844273?
3, 11939, 17923
What are the prime factors of 579859319?
13, 383, 116461
List t